94?
442
Calculate the greatest common divisor of 62356598 and 446.
446
What is the highest common factor of 16035915 and 315?
105
Calculate the greatest common divisor of 1085 and 10020409.
217
Calculate the greatest common divisor of 1322 and 5342.
2
What is the greatest common factor of 1345031 and 9827?
317
What is the highest common divisor of 8 and 476456?
8
Calculate the highest common divisor of 8425 and 14165.
5
Calculate the greatest common divisor of 65343897 and 1449.
207
What is the greatest common factor of 12181601 and 47?
47
Calculate the highest common divisor of 1114152116 and 308.
308
Calculate the highest common divisor of 565344531 and 1044.
261
What is the greatest common factor of 1 and 2324001?
1
Calculate the greatest common divisor of 55679988 and 1092.
1092
What is the highest common divisor of 212873 and 4?
1
What is the highest common divisor of 129388 and 29036?
28
What is the greatest common factor of 1575 and 154406?
7
What is the highest common divisor of 264 and 818940?
12
Calculate the highest common factor of 135 and 14784795.
135
Calculate the greatest common factor of 40766571 and 27.
27
Calculate the greatest common factor of 347504 and 31968.
592
What is the highest common divisor of 7056261 and 1431?
1431
What is the highest common factor of 34375080 and 96?
24
Calculate the highest common divisor of 67230 and 174960.
810
Calculate the highest common factor of 238424284 and 56.
28
Calculate the highest common divisor of 180 and 4918470.
30
What is the highest common divisor of 80 and 17472448?
16
Calculate the highest common divisor of 95397021 and 324.
81
What is the highest common factor of 266527 and 74329?
311
What is the highest common factor of 537270 and 30?
30
Calculate the highest common divisor of 985 and 145901155.
985
Calculate the greatest common divisor of 302 and 135875689.
151
Calculate the highest common divisor of 9605646 and 2448.
306
What is the greatest common factor of 297 and 295353?
27
Calculate the highest common divisor of 18870131 and 28.
7
What is the greatest common factor of 1651 and 40440356?
127
What is the greatest common divisor of 198597278 and 10208?
638
Calculate the greatest common factor of 1743319 and 915.
61
Calculate the greatest common factor of 17820 and 474030.
90
What is the greatest common divisor of 1597123949 and 14901?
4967
What is the greatest common divisor of 2327265 and 540?
135
What is the greatest common divisor of 4922975 and 25?
25
What is the highest common divisor of 8910 and 126895?
5
What is the highest common divisor of 7470405 and 1845?
1845
What is the greatest common divisor of 7550032 and 896?
112
What is the highest common factor of 101208663 and 36?
9
Calculate the greatest common divisor of 22 and 1040834773.
11
What is the greatest common divisor of 977070072 and 16?
8
Calculate the greatest common divisor of 123559088 and 48.
16
Calculate the highest common factor of 510 and 532671.
3
What is the greatest common divisor of 22550 and 3425550?
2050
Calculate the highest common factor of 2150427960 and 405.
135
What is the highest common factor of 16443 and 733033?
203
What is the greatest common factor of 190543019 and 179738?
6913
Calculate the highest common factor of 62653896 and 24.
24
Calculate the highest common factor of 403185 and 1635.
15
What is the highest common factor of 17493106 and 1383?
461
Calculate the highest common factor of 4610254 and 66.
22
What is the highest common divisor of 958734 and 441?
441
What is the greatest common divisor of 61749 and 486621?
27
What is the highest common divisor of 3997420 and 476?
28
What is the greatest common divisor of 3605916 and 24?
12
What is the highest common divisor of 13265860 and 20?
20
What is the highest common divisor of 768820 and 1196?
52
What is the greatest common factor of 70337304 and 6642?
738
What is the greatest common divisor of 18436330 and 1870?
1870
What is the highest common factor of 205096 and 8401?
31
Calculate the greatest common factor of 31 and 153962461.
31
What is the greatest common factor of 1215600132 and 942?
942
Calculate the highest common factor of 1456536 and 444.
12
Calculate the greatest common factor of 12820 and 819114670.
6410
Calculate the greatest common factor of 373630 and 50.
10
Calculate the greatest common factor of 587020 and 200665.
2995
Calculate the greatest common divisor of 2639 and 668227.
7
Calculate the highest common factor of 114 and 66554706.
6
Calculate the highest common factor of 203515 and 265630.
505
What is the greatest common divisor of 581851 and 110276?
1451
What is the highest common divisor of 1760 and 52081160?
40
Calculate the greatest common factor of 17523 and 65934.
297
Calculate the highest common divisor of 38814 and 21117.
3
What is the greatest common divisor of 366465 and 490710?
165
Calculate the highest common divisor of 183280 and 512552.
632
What is the highest common factor of 42 and 457898?
14
What is the highest common divisor of 3855873609 and 7?
7
What is the greatest common factor of 376131 and 1407?
21
Calculate the highest common divisor of 765 and 17706915.
45
What is the greatest common divisor of 1238274 and 5796?
414
Calculate the greatest common factor of 556329 and 8241.
123
Calculate the greatest common divisor of 35971486 and 712.
178
Calculate the greatest common factor of 322106364 and 174.
174
What is the greatest common divisor of 10374 and 76419330?
1482
Calculate the highest common divisor of 2840236 and 1306886.
4718
Calculate the highest common factor of 739011 and 6084.
39
Calculate the greatest common factor of 1312857 and 11679.
687
What is the highest common factor of 31265663 and 767?
13
Calculate the highest common factor of 84 and 3274509.
21
Calculate the greatest common divisor of 652 and 81565852.
652
Calculate the highest common factor of 107940644 and 32.
4
What is the highest common factor of 60 and 30536424?
12
Calculate the greatest common factor of 19385140 and 460.
20
Calculate the greatest common factor of 6481008 and 171.
9
Calculate the greatest common factor of 9635 and 42920.
5
Calculate the greatest common divisor of 56 and 38787098.
14
What is the highest common factor of 15008 and 1193108?
28
What is the greatest common divisor of 35644863 and 633?
633
Calculate the greatest common factor of 658120 and 7120.
40
What is the greatest common divisor of 29634 and 4322074?
898
What is the greatest common factor of 2122306 and 68876?
514
What is the highest common divisor of 20578140 and 66880?
4180
What is the highest common divisor of 11860 and 66506136?
2372
Calculate the greatest common divisor of 128 and 4957984.
32
Calculate the highest common factor of 19519 and 123271.
131
Calculate the greatest common divisor of 62770488 and 88.
88
Calculate the highest common factor of 119036358 and 957.
87
Calculate the greatest common divisor of 1357 and 18998059.
59
What is the highest common divisor of 612 and 427908?
12
Calculate the greatest common divisor of 1729 and 33483320.
247
What is the greatest common divisor of 33460 and 268340?
20
Calculate the highest common factor of 2471940 and 4536320.
8860
What is the highest common divisor of 1140 and 8219780?
380
What is the greatest common divisor of 6279246 and 59602?
3506
What is the highest common factor of 7666365 and 280?
35
Calculate the highest common divisor of 336 and 18066468.
84
What is the greatest common factor of 6935 and 3465695?
95
What is the highest common divisor of 23329 and 3605753?
569
What is the greatest common factor of 1248 and 216333?
39
Calculate the greatest common factor of 1321779196 and 6404.
6404
What is the greatest common factor of 19303981 and 3572?
893
What is the highest common factor of 8836 and 87796?
188
Calculate the highest common factor of 76908 and 153.
51
What is the highest common factor of 6688 and 766103712?
6688
Calculate the highest common factor of 1575487 and 94.
47
What is the greatest common divisor of 14770 and 523280?
2110
Calculate the greatest common divisor of 9926232 and 552.
24
What is the greatest common divisor of 33048 and 309582?
486
Calculate the greatest common divisor of 2698 and 275462.
38
Calculate the greatest common divisor